f 73778383 and 17829.
1981
Calculate the highest common divisor of 148005 and 547833.
429
Calculate the greatest common divisor of 376 and 245528.
376
Calculate the greatest common factor of 388436 and 206492.
1444
What is the highest common divisor of 12 and 2024772?
12
What is the highest common divisor of 57 and 89617927?
19
Calculate the greatest common divisor of 9512495 and 14735.
2105
Calculate the highest common divisor of 47757618 and 15839.
337
What is the highest common factor of 3113495 and 2485?
35
Calculate the greatest common factor of 1024108780 and 1660.
1660
What is the highest common factor of 29 and 425963?
1
What is the greatest common divisor of 2 and 2892119?
1
What is the greatest common factor of 112752 and 13862?
58
What is the highest common factor of 8787900 and 100?
100
What is the highest common divisor of 73 and 21177811?
73
What is the highest common divisor of 1360 and 3306415?
85
Calculate the greatest common factor of 1111978 and 574.
14
What is the highest common divisor of 11154915 and 1125?
45
What is the greatest common factor of 78082688 and 15757?
2251
Calculate the highest common divisor of 48055893 and 1167.
1167
Calculate the greatest common divisor of 152895801 and 6.
3
What is the greatest common divisor of 174 and 36650316?
174
Calculate the greatest common divisor of 7385 and 4585874.
211
Calculate the highest common factor of 132136 and 1533176.
664
Calculate the highest common divisor of 21771939 and 42.
21
What is the greatest common divisor of 9646 and 132712?
106
Calculate the highest common factor of 108309 and 1956417.
1371
Calculate the greatest common divisor of 36 and 112822947.
9
What is the greatest common factor of 96 and 2427820896?
96
What is the highest common divisor of 70988215 and 395?
395
Calculate the greatest common factor of 367061 and 6251.
19
What is the greatest common divisor of 10549627 and 121?
121
Calculate the greatest common divisor of 1365 and 167460.
15
What is the highest common factor of 254 and 116562?
2
Calculate the highest common factor of 549032896 and 256.
64
Calculate the greatest common factor of 2394095 and 285.
95
Calculate the greatest common divisor of 1930919471 and 169.
169
What is the greatest common divisor of 5204 and 1998?
2
What is the highest common divisor of 7526 and 27030?
106
What is the highest common divisor of 3406691 and 604440?
1679
What is the greatest common divisor of 1231960 and 3420?
380
Calculate the highest common factor of 19624 and 4471819.
2453
What is the greatest common divisor of 823752 and 1800?
72
What is the highest common factor of 1179559 and 23124?
47
Calculate the highest common divisor of 6116 and 74316.
44
Calculate the highest common divisor of 944552 and 1136268.
4676
Calculate the highest common factor of 21134300 and 4.
4
What is the greatest common factor of 49 and 1413132?
7
What is the highest common factor of 8160 and 5285130?
510
Calculate the greatest common factor of 14087621 and 67.
67
Calculate the highest common factor of 11153506 and 3094.
182
What is the highest common factor of 759582 and 6498?
342
Calculate the greatest common factor of 1183026 and 696.
174
Calculate the greatest common factor of 12719400 and 87.
87
What is the highest common factor of 6043513 and 5075?
203
What is the greatest common factor of 233 and 74815834?
233
What is the highest common divisor of 11319 and 263148963?
1617
Calculate the greatest common divisor of 43223744 and 32.
32
What is the greatest common divisor of 1182384 and 769097?
2737
Calculate the greatest common divisor of 937448 and 1700.
68
What is the greatest common factor of 21825 and 3025818?
873
What is the highest common factor of 1817 and 410411241?
1817
What is the greatest common factor of 1755644235 and 62?
31
What is the greatest common factor of 928 and 28114427?
29
Calculate the highest common factor of 1177194 and 230082.
186
Calculate the highest common divisor of 6153 and 5315313.
879
Calculate the greatest common factor of 436 and 103702382.
218
What is the highest common divisor of 160458 and 3102?
282
What is the greatest common divisor of 549113 and 26609?
2419
Calculate the greatest common divisor of 37106253 and 144.
9
Calculate the highest common divisor of 14251553 and 56624.
3539
Calculate the greatest common factor of 1164224 and 1216.
64
Calculate the highest common factor of 65 and 665341703.
13
Calculate the greatest common divisor of 19845 and 7455.
105
Calculate the greatest common divisor of 1448 and 1852224.
8
What is the greatest common factor of 242 and 25735644?
22
What is the greatest common divisor of 3108 and 657588?
12
What is the highest common divisor of 1435902 and 692367?
1599
Calculate the greatest common divisor of 64 and 3913280.
64
What is the highest common factor of 4862214 and 133?
133
Calculate the greatest common factor of 104 and 61804756.
52
What is the highest common factor of 512524256 and 17184?
5728
Calculate the highest common divisor of 12203424 and 1728.
288
Calculate the greatest common divisor of 8954 and 383468.
74
What is the greatest common divisor of 24257311 and 611?
611
Calculate the greatest common divisor of 130 and 12548770.
130
What is the highest common factor of 72 and 2319336?
72
What is the greatest common divisor of 5633 and 900764?
43
What is the greatest common divisor of 55819720 and 6776?
968
Calculate the greatest common factor of 32 and 871603808.
32
Calculate the greatest common factor of 12365 and 4149694.
2473
What is the greatest common factor of 10856 and 41044176?
472
What is the greatest common divisor of 104340 and 13630?
470
What is the highest common factor of 4786375 and 22000?
1375
What is the greatest common divisor of 6596343 and 637?
13
Calculate the greatest common factor of 12489916 and 1045.
19
Calculate the highest common divisor of 741 and 15792114.
39
Calculate the greatest common divisor of 3052628525 and 50.
25
Calculate the highest common divisor of 406653 and 1443.
39
Calculate the greatest common factor of 1650640 and 36096.
752
Calculate the highest common factor of 15 and 70292445.
15
What is the highest common divisor of 8449390 and 4720?
590
Calculate the highest common factor of 4709124 and 74088.
756
What is the greatest common factor of 595 and 4733939?
119
What is the highest common divisor of 204188 and 272?
4
Calculate the greatest common factor of 137236 and 20196.
44
What is the greatest common divisor of 35 and 13920760?
35
Calculate the highest common factor of 25888436 and 77.
7
What is the highest common factor of 524261395 and 1330?
665
What is the greatest common factor of 897408 and 22401?
171
Calculate the highest common factor of 34724692 and 844.
844
What is the greatest common divisor of 690268622 and 508?
254
Calculate the highest common divisor of 175875016 and 10256.
5128
Calculate the greatest common factor of 29856400 and 40.
40
What is the greatest common divisor of 86139 and 2669?
17
What is the greatest common divisor of 6641325 and 135?
135
What is the greatest common factor of 5373 and 55808157?
597
What is the greatest common factor of 50785716 and 2706?
246
What is the greatest common factor of 2947 and 3953?
1
What is the greatest common divisor of 30588668 and 352?
44
What is the greatest common factor of 1712 and 135791453?
107
Calculate the greatest common factor of 28345 and 275.
5
What is the highest common factor of 6518240 and 1120?
160
What is the greatest common factor of 70998880 and 164?
164
What is the greatest common divisor of 735 and 3309145?
35
What is the highest common factor of 188815 and 1024925?
55
Calculate the greatest common divisor of 70604 and 1421276.
76
Calculate the greatest common factor of 59717313 and 94923.
1791
What is the greatest common divisor of 2563638 and 1386?
462
Calculate the highest common divisor of 765 and 25732305.
765
What is the highest common factor of 700803 and 63?
9
Calculate the greatest common divisor of 2502706 and 4658.
34
What is the highest common factor of 2386341 and 891?
81
What is the highest common factor of 28050 and 126786?
1122
Calculate the greatest common divisor of 2670 and 414820.
10
Calculate the greatest common factor of 19557 and 2198